{"id":10,"date":"2025-02-26T17:29:40","date_gmt":"2025-02-26T16:29:40","guid":{"rendered":"http:\/\/migrationsrat-rinteln.de\/blog\/?page_id=10"},"modified":"2025-05-14T13:57:31","modified_gmt":"2025-05-14T11:57:31","slug":"home","status":"publish","type":"page","link":"https:\/\/migrationsrat-rinteln.de\/blog\/","title":{"rendered":"Home"},"content":{"rendered":"<p>[et_pb_section fb_built=&#8220;1&#8243; admin_label=&#8220;Header&#8220; _builder_version=&#8220;4.27.4&#8243; _module_preset=&#8220;default&#8220; background_color=&#8220;gcid-545c17f1-4e53-478d-9e2b-03daafc524a2&#8243; use_background_color_gradient=&#8220;on&#8220; background_color_gradient_direction=&#8220;90deg&#8220; background_color_gradient_stops=&#8220;rgba(255,255,255,0) 60%|gcid-2a386b1e-9149-40c6-b24d-5e9fedecf039 60%&#8220; background_image=&#8220;https:\/\/migrationsrat-rinteln.de\/blog\/wp-content\/uploads\/2025\/02\/AdobeStock_531077361-Kopie.png&#8220; parallax=&#8220;on&#8220; background_last_edited=&#8220;on|desktop&#8220; use_background_color_gradient_tablet=&#8220;on&#8220; use_background_color_gradient_phone=&#8220;on&#8220; background_color_gradient_direction_tablet=&#8220;180deg&#8220; background_color_gradient_stops_tablet=&#8220;rgba(255,255,255,0) 60%|gcid-2a386b1e-9149-40c6-b24d-5e9fedecf039 60%&#8220; background_color_gradient_stops_phone=&#8220;rgba(255,255,255,0) 60%|gcid-2a386b1e-9149-40c6-b24d-5e9fedecf039 60%&#8220; collapsed=&#8220;on&#8220; global_colors_info=&#8220;{%22gcid-545c17f1-4e53-478d-9e2b-03daafc524a2%22:%91%22background_color%22%93}&#8220;][et_pb_row column_structure=&#8220;1_2,1_2&#8243; _builder_version=&#8220;4.25.1&#8243; _module_preset=&#8220;default&#8220; global_colors_info=&#8220;{}&#8220;][et_pb_column type=&#8220;1_2&#8243; _builder_version=&#8220;4.25.1&#8243; _module_preset=&#8220;default&#8220; custom_padding=&#8220;100px||||false|false&#8220; custom_padding_tablet=&#8220;0px||||false|false&#8220; custom_padding_phone=&#8220;||||false|false&#8220; custom_padding_last_edited=&#8220;on|phone&#8220; global_colors_info=&#8220;{}&#8220;][et_pb_heading title=&#8220;Integration in Rinteln&#8220; _builder_version=&#8220;4.27.4&#8243; _module_preset=&#8220;_initial&#8220; title_level=&#8220;h4&#8243; title_font=&#8220;Inter|700||on|||||&#8220; title_text_color=&#8220;#000000&#8243; title_font_size=&#8220;14px&#8220; title_letter_spacing=&#8220;1px&#8220; title_line_height=&#8220;1.8em&#8220; custom_margin=&#8220;||10px||false|false&#8220; title_font_size_tablet=&#8220;13px&#8220; title_font_size_phone=&#8220;12px&#8220; title_font_size_last_edited=&#8220;on|desktop&#8220; locked=&#8220;off&#8220; global_colors_info=&#8220;{%22gcid-880c38f1-a6fc-40a7-920b-f6027d5f269c%22:%91%22title_text_color%22%93}&#8220;][\/et_pb_heading][et_pb_heading title=&#8220;Gemeinsam f\u00fcr Vielfalt, Integration und Chancengleichheit!&#8220; _builder_version=&#8220;4.27.4&#8243; _module_preset=&#8220;_initial&#8220; title_font=&#8220;||||||||&#8220; title_font_size=&#8220;45px&#8220; title_line_height=&#8220;1.1em&#8220; custom_margin=&#8220;||10px||false|false&#8220; title_font_size_tablet=&#8220;40px&#8220; title_font_size_phone=&#8220;24px&#8220; title_font_size_last_edited=&#8220;on|desktop&#8220; global_colors_info=&#8220;{}&#8220;][\/et_pb_heading][et_pb_text quote_border_color=&#8220;#2f4858&#8243; _builder_version=&#8220;4.27.4&#8243; _module_preset=&#8220;_initial&#8220; text_font=&#8220;Inter||||||||&#8220; text_text_color=&#8220;#000000&#8243; text_font_size=&#8220;16px&#8220; text_line_height=&#8220;1.8em&#8220; link_text_color=&#8220;#b14d38&#8243; quote_font=&#8220;Sedan||||||||&#8220; quote_text_color=&#8220;#2f4858&#8243; quote_font_size=&#8220;24px&#8220; quote_line_height=&#8220;1.4em&#8220; header_font=&#8220;Sedan||||||||&#8220; header_font_size=&#8220;72px&#8220; header_line_height=&#8220;1.2em&#8220; header_2_font=&#8220;Sedan||||||||&#8220; header_2_font_size=&#8220;52px&#8220; header_2_line_height=&#8220;1.2em&#8220; header_3_font=&#8220;Sedan||||||||&#8220; header_3_font_size=&#8220;36px&#8220; header_3_line_height=&#8220;1.4em&#8220; header_4_font=&#8220;Sedan||||||||&#8220; header_4_font_size=&#8220;24px&#8220; header_4_line_height=&#8220;1.4em&#8220; header_5_font=&#8220;Sedan||||||||&#8220; header_5_font_size=&#8220;20px&#8220; header_5_line_height=&#8220;1.4em&#8220; header_6_font=&#8220;Inter|700|||||||&#8220; header_6_font_size=&#8220;16px&#8220; header_6_line_height=&#8220;1.4em&#8220; text_font_size_tablet=&#8220;15px&#8220; text_font_size_phone=&#8220;14px&#8220; text_font_size_last_edited=&#8220;on|phone&#8220; quote_font_size_tablet=&#8220;16px&#8220; quote_font_size_phone=&#8220;15px&#8220; quote_font_size_last_edited=&#8220;on|phone&#8220; header_font_size_tablet=&#8220;40px&#8220; header_font_size_phone=&#8220;24px&#8220; header_font_size_last_edited=&#8220;on|phone&#8220; header_2_font_size_tablet=&#8220;32px&#8220; header_2_font_size_phone=&#8220;20px&#8220; header_2_font_size_last_edited=&#8220;on|phone&#8220; header_3_font_size_tablet=&#8220;20px&#8220; header_3_font_size_phone=&#8220;18px&#8220; header_3_font_size_last_edited=&#8220;on|phone&#8220; header_4_font_size_tablet=&#8220;16px&#8220; header_4_font_size_phone=&#8220;15px&#8220; header_4_font_size_last_edited=&#8220;on|phone&#8220; header_5_font_size_tablet=&#8220;15px&#8220; header_5_font_size_phone=&#8220;14px&#8220; header_5_font_size_last_edited=&#8220;on|phone&#8220; header_6_font_size_tablet=&#8220;14px&#8220; header_6_font_size_phone=&#8220;14px&#8220; header_6_font_size_last_edited=&#8220;on|phone&#8220; global_colors_info=&#8220;{}&#8220;][\/et_pb_text][\/et_pb_column][et_pb_column type=&#8220;1_2&#8243; _builder_version=&#8220;4.25.1&#8243; _module_preset=&#8220;default&#8220; global_colors_info=&#8220;{}&#8220;][et_pb_image src=&#8220;https:\/\/migrationsrat-rinteln.de\/blog\/wp-content\/uploads\/2025\/03\/Migrationsrat-2.png&#8220; title_text=&#8220;Migrationsrat&#8220; show_bottom_space=&#8220;off&#8220; align=&#8220;center&#8220; _builder_version=&#8220;4.27.4&#8243; _module_preset=&#8220;default&#8220; background_color=&#8220;#FFFFFF&#8220; z_index=&#8220;11&#8243; max_width=&#8220;59%&#8220; max_height=&#8220;975px&#8220; custom_padding=&#8220;10%|10%|0px|10%|false|true&#8220; border_color_all=&#8220;#FFFFFF&#8220; box_shadow_style=&#8220;preset2&#8243; box_shadow_color=&#8220;rgba(0,0,0,0.11)&#8220; global_colors_info=&#8220;{}&#8220; box_shadow_color__hover=&#8220;RGBA(255,255,255,0)&#8220; box_shadow_color__hover_enabled=&#8220;on|hover&#8220; transform_styles__hover_enabled=&#8220;off|hover&#8220; transform_scale__hover=&#8220;99%|99%&#8220; transform_scale__hover_enabled=&#8220;off|hover&#8220; transform_translate__hover_enabled=&#8220;off|hover&#8220; transform_rotate__hover_enabled=&#8220;off|hover&#8220; transform_skew__hover_enabled=&#8220;off|hover&#8220; transform_origin__hover_enabled=&#8220;off|hover&#8220;][\/et_pb_image][\/et_pb_column][\/et_pb_row][\/et_pb_section][et_pb_section fb_built=&#8220;1&#8243; _builder_version=&#8220;4.27.4&#8243; _module_preset=&#8220;default&#8220; custom_margin=&#8220;||0px||false|false&#8220; custom_padding=&#8220;||0px||false|false&#8220; global_colors_info=&#8220;{}&#8220;][et_pb_row column_structure=&#8220;3_4,1_4&#8243; _builder_version=&#8220;4.27.4&#8243; _module_preset=&#8220;default&#8220; global_colors_info=&#8220;{}&#8220;][et_pb_column type=&#8220;3_4&#8243; _builder_version=&#8220;4.27.4&#8243; _module_preset=&#8220;default&#8220; global_colors_info=&#8220;{}&#8220;][et_pb_text _builder_version=&#8220;4.27.4&#8243; _module_preset=&#8220;default&#8220; header_2_font_size=&#8220;34px&#8220; header_3_text_color=&#8220;#86406d&#8220; header_3_font_size=&#8220;16px&#8220; global_colors_info=&#8220;{}&#8220;]<\/p>\n<h2 data-start=\"101\" data-end=\"148\"><strong data-start=\"105\" data-end=\"146\">Willkommen beim Migrationsrat Rinteln<\/strong><\/h2>\n<h3 data-start=\"0\" data-end=\"93\"><strong data-start=\"4\" data-end=\"91\">Miteinander statt Nebeneinander \u2013 Gemeinsam f\u00fcr eine starke Gemeinschaft in Rinteln<\/strong><\/h3>\n<p data-start=\"95\" data-end=\"463\" style=\"text-align: justify;\">Der Migrationsrat Rinteln steht f\u00fcr ein Zusammenwachsen der Kulturen, f\u00fcr ein respektvolles Miteinander und f\u00fcr gelebte Toleranz. Uns verbindet nicht die Herkunft, sondern die gemeinsame Zukunft in unserer Stadt. Jeder Mensch \u2013 unabh\u00e4ngig von Nationalit\u00e4t oder Kultur \u2013 verdient Anerkennung, Respekt und die M\u00f6glichkeit, sein Leben in Frieden und W\u00fcrde zu gestalten.<\/p>\n<p data-start=\"465\" data-end=\"851\" style=\"text-align: justify;\">Wir wollen <strong data-start=\"476\" data-end=\"493\">Br\u00fccken bauen<\/strong> und <strong data-start=\"498\" data-end=\"535\">gegenseitiges Verst\u00e4ndnis f\u00f6rdern<\/strong>, statt Mauern aus Vorurteilen zu errichten. In einer Zeit, in der oft nur negative Schlagzeilen \u00fcber Migration dominieren, zeigen wir, dass es unz\u00e4hlige Menschen gibt, die sich integrieren, arbeiten und aktiv zu unserer Gesellschaft beitragen. Menschen, die einfach nur ihr Leben leben und gl\u00fccklich sein m\u00f6chten.<\/p>\n<p data-start=\"853\" data-end=\"1054\" style=\"text-align: justify;\">Unser Ziel ist es, Vorurteile abzubauen, Begegnungen zu schaffen und ein starkes, solidarisches Miteinander zu f\u00f6rdern. Denn Vielfalt ist eine Bereicherung \u2013 f\u00fcr jeden Einzelnen und f\u00fcr unsere Stadt.<\/p>\n<p data-start=\"1056\" data-end=\"1145\" style=\"text-align: justify;\"><strong data-start=\"1056\" data-end=\"1143\">Gemeinsam gestalten wir eine offene, respektvolle und lebenswerte Zukunft f\u00fcr alle!<\/strong><\/p>\n<p data-start=\"1056\" data-end=\"1145\" style=\"text-align: justify;\"><strong data-start=\"1056\" data-end=\"1143\"><\/strong><\/p>\n<h4 data-start=\"1147\" data-end=\"1204\" style=\"text-align: justify;\">\ud83d\udccd <strong data-start=\"1150\" data-end=\"1202\">Machen Sie mit \u2013 f\u00fcr ein Rinteln, das verbindet!<\/strong><\/h4>\n<p>[\/et_pb_text][\/et_pb_column][et_pb_column type=&#8220;1_4&#8243; _builder_version=&#8220;4.27.4&#8243; _module_preset=&#8220;default&#8220; global_colors_info=&#8220;{}&#8220;][et_pb_image src=&#8220;https:\/\/migrationsrat-rinteln.de\/blog\/wp-content\/uploads\/2025\/03\/AdobeStock_128711736lila-Kopie.png&#8220; title_text=&#8220;AdobeStock_128711736lila Kopie&#8220; align=&#8220;center&#8220; _builder_version=&#8220;4.27.4&#8243; _module_preset=&#8220;default&#8220; global_colors_info=&#8220;{}&#8220; transform_styles__hover_enabled=&#8220;on|hover&#8220; transform_scale__hover_enabled=&#8220;on|hover&#8220; transform_translate__hover_enabled=&#8220;on|desktop&#8220; transform_rotate__hover_enabled=&#8220;on|desktop&#8220; transform_skew__hover_enabled=&#8220;on|desktop&#8220; transform_origin__hover_enabled=&#8220;on|desktop&#8220; transform_scale__hover=&#8220;108%|108%&#8220;][\/et_pb_image][et_pb_image src=&#8220;https:\/\/migrationsrat-rinteln.de\/blog\/wp-content\/uploads\/2025\/05\/rinteln_Logo_Orange.png&#8220; title_text=&#8220;rinteln_Logo_Orange&#8220; _builder_version=&#8220;4.27.4&#8243; _module_preset=&#8220;default&#8220; custom_margin=&#8220;50px||||false|false&#8220; custom_padding=&#8220;50px||||false|false&#8220; global_colors_info=&#8220;{}&#8220;][\/et_pb_image][\/et_pb_column][\/et_pb_row][\/et_pb_section][et_pb_section fb_built=&#8220;1&#8243; _builder_version=&#8220;4.27.4&#8243; _module_preset=&#8220;default&#8220; background_color=&#8220;#86406d&#8220; custom_padding=&#8220;0px||||false|false&#8220; global_colors_info=&#8220;{}&#8220;][et_pb_row _builder_version=&#8220;4.27.4&#8243; _module_preset=&#8220;default&#8220; global_colors_info=&#8220;{}&#8220;][et_pb_column type=&#8220;4_4&#8243; _builder_version=&#8220;4.27.4&#8243; _module_preset=&#8220;default&#8220; global_colors_info=&#8220;{}&#8220;][et_pb_image src=&#8220;https:\/\/migrationsrat-rinteln.de\/blog\/wp-content\/uploads\/2025\/02\/AdobeStock_87292355.png&#8220; title_text=&#8220;AdobeStock_87292355&#8243; _builder_version=&#8220;4.27.4&#8243; _module_preset=&#8220;default&#8220; global_colors_info=&#8220;{}&#8220; transform_styles__hover_enabled=&#8220;on|hover&#8220; transform_scale__hover_enabled=&#8220;on|hover&#8220; transform_translate__hover_enabled=&#8220;on|desktop&#8220; transform_rotate__hover_enabled=&#8220;on|desktop&#8220; transform_skew__hover_enabled=&#8220;on|desktop&#8220; transform_origin__hover_enabled=&#8220;on|desktop&#8220; transform_scale__hover=&#8220;108%|108%&#8220;][\/et_pb_image][\/et_pb_column][\/et_pb_row][\/et_pb_section][et_pb_section fb_built=&#8220;1&#8243; _builder_version=&#8220;4.27.4&#8243; _module_preset=&#8220;default&#8220; global_module=&#8220;188&#8243; saved_tabs=&#8220;all&#8220; global_colors_info=&#8220;{}&#8220;][et_pb_row _builder_version=&#8220;4.27.4&#8243; _module_preset=&#8220;default&#8220; global_colors_info=&#8220;{}&#8220;][et_pb_column type=&#8220;4_4&#8243; _builder_version=&#8220;4.27.4&#8243; _module_preset=&#8220;default&#8220; global_colors_info=&#8220;{}&#8220;][et_pb_text _builder_version=&#8220;4.27.4&#8243; _module_preset=&#8220;default&#8220; global_colors_info=&#8220;{}&#8220;]<\/p>\n<h1>Aktuelles vom Migrationsrat und Veranstaltungen<\/h1>\n<p>[\/et_pb_text][et_pb_blog fullwidth=&#8220;off&#8220; include_categories=&#8220;1,23,24,22&#8243; _builder_version=&#8220;4.27.4&#8243; _module_preset=&#8220;default&#8220; global_colors_info=&#8220;{}&#8220;][\/et_pb_blog][\/et_pb_column][\/et_pb_row][\/et_pb_section][et_pb_section fb_built=&#8220;1&#8243; admin_label=&#8220;Subscribe&#8220; _builder_version=&#8220;4.27.4&#8243; _module_preset=&#8220;default&#8220; background_color=&#8220;#f1f1f1&#8243; custom_padding=&#8220;20px||20px||true|false&#8220; collapsed=&#8220;on&#8220; global_colors_info=&#8220;{%22gcid-8ad803f4-51cc-4920-8e20-ff572b992ddc%22:%91%22background_color%22%93}&#8220;][et_pb_row column_structure=&#8220;1_2,1_2&#8243; _builder_version=&#8220;4.25.1&#8243; _module_preset=&#8220;default&#8220; global_colors_info=&#8220;{}&#8220;][et_pb_column type=&#8220;1_2&#8243; _builder_version=&#8220;4.25.1&#8243; _module_preset=&#8220;default&#8220; global_colors_info=&#8220;{}&#8220;][et_pb_image src=&#8220;https:\/\/migrationsrat-rinteln.de\/blog\/wp-content\/uploads\/2025\/03\/AdobeStock_842628.png&#8220; title_text=&#8220;AdobeStock_842628&#8243; _builder_version=&#8220;4.27.4&#8243; _module_preset=&#8220;default&#8220; custom_padding=&#8220;50px||||false|false&#8220; box_shadow_style=&#8220;preset2&#8243; global_colors_info=&#8220;{}&#8220; transform_styles__hover_enabled=&#8220;on|hover&#8220; transform_scale__hover_enabled=&#8220;on|hover&#8220; transform_translate__hover_enabled=&#8220;on|desktop&#8220; transform_rotate__hover_enabled=&#8220;on|desktop&#8220; transform_skew__hover_enabled=&#8220;on|desktop&#8220; transform_origin__hover_enabled=&#8220;on|desktop&#8220; transform_scale__hover=&#8220;108%|108%&#8220;][\/et_pb_image][\/et_pb_column][et_pb_column type=&#8220;1_2&#8243; _builder_version=&#8220;4.25.1&#8243; _module_preset=&#8220;default&#8220; global_colors_info=&#8220;{}&#8220;][et_pb_text _builder_version=&#8220;4.27.4&#8243; _module_preset=&#8220;default&#8220; header_4_text_color=&#8220;#86406d&#8220; hover_enabled=&#8220;0&#8243; global_colors_info=&#8220;{}&#8220; sticky_enabled=&#8220;0&#8243;]<\/p>\n<h4 data-start=\"150\" data-end=\"210\"><strong>Gemeinsam f\u00fcr Vielfalt, Integration und Chancengleichheit!<\/strong><\/h4>\n<p data-start=\"212\" data-end=\"552\">Der Migrationsrat Rinteln setzt sich f\u00fcr die Unterst\u00fctzung von Migrantinnen und Migranten ein, f\u00f6rdert den interkulturellen Austausch und schafft Netzwerke, die verbinden. Mit Beratungsangeboten, Veranstaltungen und Projekten begleiten wir Menschen auf ihrem Weg in ein selbstbestimmtes Leben und st\u00e4rken das Miteinander in unserer Stadt.<\/p>\n<p data-start=\"554\" data-end=\"783\"><strong data-start=\"554\" data-end=\"578\">Unsere Schwerpunkte:<\/strong><br data-start=\"578\" data-end=\"581\" \/>\u2714 Unterst\u00fctzung und Beratung f\u00fcr Migrant:innen<br data-start=\"627\" data-end=\"630\" \/>\u2714 F\u00f6rderung von Bildung und Teilhabe<br data-start=\"666\" data-end=\"669\" \/>\u2714 Unterst\u00fctzung von interkulturellen Veranstaltungen<br data-start=\"720\" data-end=\"723\" \/>\u2714 Aufbau starker Netzwerke f\u00fcr eine lebendige Gemeinschaft in unserer sch\u00f6nen Stadt Rinteln<\/p>\n<p data-start=\"785\" data-end=\"869\">Machen Sie mit \u2013 gemeinsam gestalten wir eine offene und vielf\u00e4ltige Gesellschaft!<\/p>\n<h4 data-start=\"871\" data-end=\"923\">\ud83d\udccd <strong data-start=\"874\" data-end=\"921\">Kontaktieren Sie uns \u2013 wir sind f\u00fcr Sie da!<\/strong><\/h4>\n<h3><\/h3>\n<h3>Tel.: 05751-9683431<\/h3>\n<p>\u00a0E-Mail:<span>\u00a0<\/span><a href=\"mailto:mail@migrationsrat-rinteln.de\" target=\"_blank\" rel=\"noopener\">mail@migrationsrat-rinteln.de<\/a><\/p>\n<p>[\/et_pb_text][\/et_pb_column][\/et_pb_row][\/et_pb_section][et_pb_section fb_built=&#8220;1&#8243; _builder_version=&#8220;4.27.4&#8243; _module_preset=&#8220;default&#8220; global_colors_info=&#8220;{}&#8220;][et_pb_row column_structure=&#8220;3_4,1_4&#8243; _builder_version=&#8220;4.27.4&#8243; _module_preset=&#8220;default&#8220; width=&#8220;100%&#8220; max_width=&#8220;1518px&#8220; global_colors_info=&#8220;{}&#8220;][et_pb_column type=&#8220;3_4&#8243; _builder_version=&#8220;4.27.4&#8243; _module_preset=&#8220;default&#8220; global_colors_info=&#8220;{}&#8220;][et_pb_text _builder_version=&#8220;4.27.4&#8243; _module_preset=&#8220;default&#8220; global_colors_info=&#8220;{}&#8220;]<\/p>\n<h1>Hilfreiche Informationen f\u00fcr Migranten \/ Informative Beitr\u00e4ge<\/h1>\n<p>[\/et_pb_text][et_pb_blog posts_number=&#8220;3&#8243; include_categories=&#8220;15,18,14,21,17,16,12,20,13,19&#8243; _builder_version=&#8220;4.27.4&#8243; _module_preset=&#8220;default&#8220; global_colors_info=&#8220;{}&#8220;][\/et_pb_blog][\/et_pb_column][et_pb_column type=&#8220;1_4&#8243; _builder_version=&#8220;4.27.4&#8243; _module_preset=&#8220;default&#8220; global_colors_info=&#8220;{}&#8220;][et_pb_text _builder_version=&#8220;4.27.4&#8243; _module_preset=&#8220;default&#8220; custom_margin=&#8220;||20px||false|false&#8220; global_colors_info=&#8220;{}&#8220;]<\/p>\n<h3>Beitrags-Kategorien<\/h3>\n<p>[\/et_pb_text][et_pb_menu menu_id=&#8220;25&#8243; _builder_version=&#8220;4.27.4&#8243; _module_preset=&#8220;default&#8220; custom_margin=&#8220;0px||||false|false&#8220; custom_padding=&#8220;10px|10px|10px|10px|false|false&#8220; border_width_all=&#8220;1px&#8220; border_color_all=&#8220;#86406d&#8220; box_shadow_style=&#8220;preset2&#8243; global_colors_info=&#8220;{}&#8220; transform_styles__hover_enabled=&#8220;on|hover&#8220; transform_scale__hover_enabled=&#8220;on|hover&#8220; transform_translate__hover_enabled=&#8220;on|desktop&#8220; transform_rotate__hover_enabled=&#8220;on|desktop&#8220; transform_skew__hover_enabled=&#8220;on|desktop&#8220; transform_origin__hover_enabled=&#8220;on|desktop&#8220; transform_scale__hover=&#8220;108%|108%&#8220;][\/et_pb_menu][\/et_pb_column][\/et_pb_row][\/et_pb_section][et_pb_section fb_built=&#8220;1&#8243; _builder_version=&#8220;4.27.4&#8243; _module_preset=&#8220;default&#8220; background_color=&#8220;#FFFFFF&#8220; background_image=&#8220;https:\/\/migrationsrat-rinteln.de\/blog\/wp-content\/uploads\/2025\/02\/AdobeStock_531077361-Kopie.png&#8220; global_module=&#8220;106&#8243; saved_tabs=&#8220;all&#8220; global_colors_info=&#8220;{}&#8220;][et_pb_row column_structure=&#8220;1_2,1_2&#8243; _builder_version=&#8220;4.27.4&#8243; _module_preset=&#8220;default&#8220; global_colors_info=&#8220;{}&#8220;][et_pb_column type=&#8220;1_2&#8243; _builder_version=&#8220;4.27.4&#8243; _module_preset=&#8220;default&#8220; global_colors_info=&#8220;{}&#8220;][et_pb_image src=&#8220;https:\/\/migrationsrat-rinteln.de\/blog\/wp-content\/uploads\/2025\/03\/Migrationsrat-2.png&#8220; title_text=&#8220;Migrationsrat&#8220; align=&#8220;center&#8220; _builder_version=&#8220;4.27.4&#8243; _module_preset=&#8220;default&#8220; background_color=&#8220;#FFFFFF&#8220; max_width=&#8220;39%&#8220; border_width_all=&#8220;5px&#8220; border_color_all=&#8220;#86406d&#8220; global_colors_info=&#8220;{}&#8220;][\/et_pb_image][et_pb_image src=&#8220;https:\/\/migrationsrat-rinteln.de\/blog\/wp-content\/uploads\/2025\/05\/rinteln_Logo_Orange.png&#8220; title_text=&#8220;rinteln_Logo_Orange&#8220; align=&#8220;center&#8220; _builder_version=&#8220;4.27.4&#8243; _module_preset=&#8220;default&#8220; max_width=&#8220;51%&#8220; global_colors_info=&#8220;{}&#8220;][\/et_pb_image][\/et_pb_column][et_pb_column type=&#8220;1_2&#8243; _builder_version=&#8220;4.27.4&#8243; _module_preset=&#8220;default&#8220; global_colors_info=&#8220;{}&#8220;][et_pb_text _builder_version=&#8220;4.27.4&#8243; _module_preset=&#8220;default&#8220; text_text_color=&#8220;#000000&#8243; header_text_color=&#8220;#86406d&#8220; header_font_size=&#8220;43px&#8220; background_color=&#8220;#FFFFFF&#8220; custom_padding=&#8220;||30px|20px|false|false&#8220; header_text_shadow_style=&#8220;preset1&#8243; header_text_shadow_blur_strength=&#8220;0.55em&#8220; border_width_all=&#8220;4px&#8220; border_color_all=&#8220;#86406d&#8220; global_colors_info=&#8220;{}&#8220;]<\/p>\n<h1>Kontakt:<\/h1>\n<p>&nbsp;<\/p>\n<p>Migrationsrat Rinteln<\/p>\n<p>1. Vorsitzende Stephanie Sch\u00fctte<\/p>\n<p>c\/o Schaumburger Beratungszentrum<\/p>\n<p>B\u00e4ckerstrasse 30 A, 31737 Rinteln<\/p>\n<p>&nbsp;<\/p>\n<p>Tel.: 05751-9683431<\/p>\n<p>&nbsp;<\/p>\n<p>E-Mail: <a href=\"mailto:mail@migrationsrat-rinteln.de\" target=\"_blank\" rel=\"noopener\">mail@migrationsrat-rinteln.de<\/a><\/p>\n<p>[\/et_pb_text][\/et_pb_column][\/et_pb_row][\/et_pb_section]<\/p>\n","protected":false},"excerpt":{"rendered":"<p>Willkommen beim Migrationsrat Rinteln Miteinander statt Nebeneinander \u2013 Gemeinsam f\u00fcr eine starke Gemeinschaft in Rinteln Der Migrationsrat Rinteln steht f\u00fcr ein Zusammenwachsen der Kulturen, f\u00fcr ein respektvolles Miteinander und f\u00fcr gelebte Toleranz. Uns verbindet nicht die Herkunft, sondern die gemeinsame Zukunft in unserer Stadt. Jeder Mensch \u2013 unabh\u00e4ngig von Nationalit\u00e4t oder Kultur \u2013 verdient Anerkennung, [&hellip;]<\/p>\n","protected":false},"author":1,"featured_media":0,"parent":0,"menu_order":0,"comment_status":"closed","ping_status":"closed","template":"","meta":{"_et_pb_use_builder":"on","_et_pb_old_content":"","_et_gb_content_width":"","footnotes":""},"class_list":["post-10","page","type-page","status-publish","hentry"],"_links":{"self":[{"href":"https:\/\/migrationsrat-rinteln.de\/blog\/wp-json\/wp\/v2\/pages\/10","targetHints":{"allow":["GET"]}}],"collection":[{"href":"https:\/\/migrationsrat-rinteln.de\/blog\/wp-json\/wp\/v2\/pages"}],"about":[{"href":"https:\/\/migrationsrat-rinteln.de\/blog\/wp-json\/wp\/v2\/types\/page"}],"author":[{"embeddable":true,"href":"https:\/\/migrationsrat-rinteln.de\/blog\/wp-json\/wp\/v2\/users\/1"}],"replies":[{"embeddable":true,"href":"https:\/\/migrationsrat-rinteln.de\/blog\/wp-json\/wp\/v2\/comments?post=10"}],"version-history":[{"count":38,"href":"https:\/\/migrationsrat-rinteln.de\/blog\/wp-json\/wp\/v2\/pages\/10\/revisions"}],"predecessor-version":[{"id":394,"href":"https:\/\/migrationsrat-rinteln.de\/blog\/wp-json\/wp\/v2\/pages\/10\/revisions\/394"}],"wp:attachment":[{"href":"https:\/\/migrationsrat-rinteln.de\/blog\/wp-json\/wp\/v2\/media?parent=10"}],"curies":[{"name":"wp","href":"https:\/\/api.w.org\/{rel}","templated":true}]}}